?
False
Suppose -2*b = -0*b - 4. Suppose 0 = 5*f - b*r - 846, -4*r - 672 = -3*f - f. Suppose 0 = 3*h + 12, 2*j - 4*h = -h + f. Is j a prime number?
True
Let t(h) = 50*h**2 + 7*h - 11. Is t(6) a prime number?
True
Let j(a) = -a**3 - 3*a**2 + 4*a + 5. Let l be j(-4). Suppose 4*y - l*o = 912, 5*o = 3*y + 2*y - 1145. Is y composite?
False
Let r(u) = -199*u + 79. Is r(-6) a composite number?
True
Let w = 354 - 121. Is w composite?
False
Let y(t) = t**2 - 5*t + 6. Suppose 6*u - 3*u - 4*r - 31 = 0, 0 = -u - 3*r - 7. Is y(u) a prime number?
False
Let b(s) = s + 1. Let z be b(-5). Let y = z + 6. Is 3*2/3 + y a composite number?
True
Let f(l) = 129*l - 7. Is f(2) composite?
False
Let n = 4 - 0. Let j be (-305)/n + 1/4. Is -2 - 0 - (7 + j) a prime number?
True
Let c(r) = -389*r + 9. Is c(-2) composite?
False
Let o = -59 - -112. Is o composite?
False
Suppose 4*h + d + 7 - 28 = 0, h = 4*d + 1. Suppose 556 = h*l - l. Is l a composite number?
False
Suppose -4*d = 3*h - 627, -d + 2*h + 153 = 4*h. Is d composite?
True
Suppose q = 7*q - 19794. Is q prime?
True
Let f = 3 - 3. Suppose -o + 0*o + 65 = f. Is o prime?
False
Suppose y = -4*c - 0*c + 391, 0 = -y - 5*c + 396. Is y a composite number?
True
Let i = -159 - -254. Is i a composite number?
True
Suppose -6 = 4*r - 2. Let l = 7 + r. Is l composite?
True
Let f(b) = 26*b**3 - 3*b**2 - 3*b + 1. Let j be f(-3). Is -1*(-1 + 2)*j a prime number?
True
Let l(k) be the second derivative of 71*k**3/6 - 3*k. Is l(1) a composite number?
False
Let f be 339 + -1 + 3 + 0. Suppose 165 = 2*v - f. Suppose -5*h - 4*b + 206 = -227, 3*h - b - v = 0. Is h a prime number?
False
Let f be -5*4/(-30)*-3. Let l = -15 - -16. Is f*(37/(-2))/l prime?
True
Let b(x) = 4*x**3 + x**2 - 2*x + 1. Let c be b(1). Let y(n) be the first derivative of n**4/2 - 5*n**3/3 + n**2/2 + n + 20. Is y(c) composite?
False
Let b(x) be the second derivative of -x**5/20 + x**4 + 13*x**3/6 + 7*x**2 - 2*x. Is b(13) prime?
False
Let y(b) = b + 7. Let p be y(-5). Suppose 4*w - p*w = -4*a + 514, -w = -5*a + 632. Is a a composite number?
False
Let g = 5 + -1. Let z = -9 + g. Let t(m) = m**3 + 11*m**2 + 5*m - 6. Is t(z) prime?
False
Let j(g) = g**2 - 4*g. Let n be j(5). Suppose -59 = -o - r + 63, r + n = 0. Is o prime?
True
Let r be 2/(-13) - 150/39. Let y = r + 35. Is y composite?
False
Suppose 2*q + 4 = 16. Let j = q + -4. Suppose 0 = -2*d - j*d + 276. Is d a composite number?
True
Let n(w) = 17*w**3 - w**2 + w - 2. Let c be n(2). Let v = -77 + c. Is v a prime number?
False
Suppose 0 = -2*q - 5*r - 491, -3*q + 3*r = 720 + 69. Let n = q - -401. Is n composite?
True
Let u(o) be the second derivative of 3*o + 7/12*o**4 + 0 - 1/2*o**3 - 5/2*o**2. Is u(-4) composite?
True
Let a(o) = o + 21. Let k = 7 + 11. Is a(k) a prime number?
False
Let t(l) be the third derivative of 2*l**2 + 0*l + 0*l**3 + 0 + 1/24*l**4. Is t(7) composite?
False
Suppose 4312 = 2*k + 3*p - 4084, -2*k - p = -8400. Is k a composite number?
False
Let s = 9 + -15. Let b(y) = 5*y - 10. Let o(q) = -4*q + 9. Let f(w) = 2*b(w) + 3*o(w). Is f(s) a prime number?
True
Suppose -g = -5*r + 18, 4*g = -0*g - 12. Suppose -2*o = -3*s - 2*s - 231, 0 = r*o - s - 340. Is o a composite number?
False
Let w = 7593 + -5198. Is w prime?
False
Let p be ((-12)/21)/(4/(-14)). Suppose -7*a + 2*a = p*d - 101, -2*d = a - 25. Is a a prime number?
True
Suppose -4*p + 3*p - 1966 = -4*x, 1956 = 4*x + 4*p. Is x a composite number?
False
Let r be 1/(-3) - (-15)/(-9). Let l be 0*(r + 1) + 925. Suppose -2*h = -7*h + l. Is h composite?
True
Let d be -4*2/(-16)*2. Let c(t) = -t**3 + t**2 + t - 62. Let s be c(0). Is (s/(-4))/(d/2) a composite number?
False
Let b(j) = -240*j. Let m be b(-4). Let v = m + -667. Is v a composite number?
False
Let k = 228 - 41. Is k a prime number?
False
Suppose -4*s = -3*p - 21, 4*s + 2*p - 3*p - 15 = 0. Suppose 2 = d + s. Let r(v) = -6*v. Is r(d) a composite number?
True
Suppose -6*i = -4*i - 538. Is i a prime number?
True
Let t be (10/35)/((-1)/(-7)). Suppose 0*w - 378 = -3*w. Suppose t*b - 380 = -w. Is b a prime number?
True
Suppose 0 = -2*f + 22 + 60. Suppose 0 = 2*q - 3*q + 4*j + 6, -j = 4*q - f. Is q prime?
False
Suppose -4*p = -5*p - 6. Let g(j) = -5*j - 9. Is g(p) a prime number?
False
Let i = 6238 + -1847. Is i a composite number?
False
Let f(d) = d**3 - 6*d**2 + 5*d + 5. Let p be f(5). Suppose -p*g + 294 = -341. Is g a composite number?
False
Suppose 0 = -4*f + 12 - 0. Suppose -212 = -f*z + 19. Is z - (2 - (-1 - -3)) a prime number?
False
Suppose a = 2, -4*b - 320 = a - 798. Is b a prime number?
False
Suppose -4*i - 5 = 11. Let u = 10 - i. Is u a prime number?
False
Suppose 4*f - 3*h - 4733 = 0, 6*f = f - 2*h + 5945. Is f composite?
False
Let k(c) = 16*c**2 + 4. Let m be k(-3). Suppose -2*d + 4*d + 2*t - 10 = 0, 0 = d - 5*t + 7. Suppose -d*r + m = r. Is r prime?
True
Suppose 0*t - 4*n = 5*t + 15, 4*t = 3*n + 19. Is (2 - -56*1) + t a composite number?
False
Suppose -3*s - 4*g = -0*s + 20, 5*s = g + 5. Suppose -4*x + 3*h = -s*h + 1094, -x + 5*h = 265. Let w = -156 - x. Is w a composite number?
True
Is (-150)/(-2) - (-14 + 12) a prime number?
False
Suppose 0 = 5*h, -v + 3*h - 40 = 3*v. Let a be (-6)/v - 8892/(-30). Is a/(5 + -2) - 2 prime?
True
Suppose 0*h - 4*h + 1068 = 0. Is h composite?
True
Let i = 0 + 3. Suppose 2*d + 2*m = 174, -i*m = -5*d - 6*m + 433. Is d prime?
False
Let i = 87 - 317. Let t = i - -391. Is t prime?
False
Suppose 4*j - 3*j = 0. Suppose -4*v - 5*x = -j*v - 87, 4*x = v - 6. Is 588/v - 2/(-6) a composite number?
True
Let h(x) = -x - 2. Let j be h(6). Let g = j - -31. Is g composite?
False
Let z be 2 - (2 - 0) - 79. Let d = 31 + z. Let r = 74 + d. Is r a prime number?
False
Let i(y) = -y**3 - y**2 + y + 2. Let v be i(2). Let u be 3*(v/(-3) - 2). Suppose -u*o = -5*k - 17 - 49, -4*o + 3*k = -132. Is o prime?
False
Suppose -5*n + 100 = 4*s, -5*s - n + 25 = -79. Suppose 36 = 4*k - s. Is 270/k + (-8)/28 prime?
True
Suppose -2*f = 4*y - 2170, -4*f - 1070 = 2*y - 4*y. Is y prime?
True
Is (-523)/(-4) - (-17)/68 a composite number?
False
Let m(x) = -x**3 + 5*x + 3. Is m(-4) a prime number?
True
Let y be ((-10)/8)/(4/(-16)). Suppose 2*w + 1683 = -5*h, -y*h + 2*w = -882 + 2569. Let b = -132 - h. Is b a prime number?
False
Let r be -1 + -1 + (6 - 2). Suppose r*u = -2*u + 860. Is u a composite number?
True
Let d be 181 - 2 - (-3 - -1). Let x = d - 86. Is x composite?
True
Let k = 2074 + -1383. Is k prime?
True
Let h = -5 - -4. Let i = 3 + h. Is (i - (-98)/4)*2 composite?
False
Suppose 5*k - 1 - 14 = 4*u, 4*u = 3*k - 25. Let c be 5/(-15) - u/3. Suppose 0 = -2*b - 2*f + 43 + c, 4*b + 2*f = 88. Is b a composite number?
True
Let s = 26 - -12. Is s prime?
False
Let r(t) = t**2 + 4*t - 10. Let z be r(-7). Let s(g) = -z - 2*g - g + 9*g. Is s(11) a composite number?
True
Suppose 4*k - 22 = -6. Let i = 13 - 7. Let q = i - k. Is q prime?
True
Let w(h) = 2*h**2 + 4*h - 12. Let q = -16 - -7. Let l be w(q). Suppose a - l = -a. Is a a composite number?
True
Suppose -20 = -4*s - 4. Suppose -4*r - s*q = -160, r + 73 = 3*r - 5*q. Is r a composite number?
True
Let o(g) = 4*g - 9. Let d = -8 - -16. Is o(d) composite?
False
Let o(w) = 88*w**3 + 4*w**2 + 4*w + 1. Let s(p) = 175*p**3 + 9*p**2 + 9*p + 2. Let k(n) = -5*o(n) + 2*s(n). Let h be k(-1). Let v = h + -52. Is v prime?
True
Is (-1)/(-2)*6 - -74 composite?
True
Suppose -b = -5*b + 12. Let g(q) = -b - 14*q - 3 - 9*q. Is g(-5) prime?
True
Let c(q) = 87*q + 2. Let a be c(2). Let v = a + -33. Is v a prime number?
False
Let m(c) = c**3 - 8*c**2 - 15*c - 3. Let j be m(11). Suppose j = 2*y - 31. Is y a prime number?
True
Let k(l) = -13*l + 13. Let u(t) = 6*t - 7. Let w(y) = 6*k(y) + 11*u(y). Is w(-3) a prime number?
True
Let u(q) = 56*q**3 + 2*q**2 - 10*q - 5. Is u(5) a composite number?
True
Let j(m) = -6*m - 1 + 11*m**2 + 3*m**2 + 8*m. Suppose 5*r - 2*y = 6 - 2, -3*y + 1 = -4*r. Is j(r) a composite number?
False
Suppose 9*x - 11350 = -x. Is x a prime number?
False
Suppose v + 11 = 2*g, 4*g - 5*v - 25 = -0*v. Let h = -3 + 37. Suppose -5*b - 5*t = -55, g*t - h = -4*b + 14. Is b prime?
True
Suppose 10 = -4*o + 6*o. Suppose -2*t - 73 + o = -2*l, l - 5*t = 18. Is l prime?
False
Suppose -i - 393 = -5*j, 0 = 3*j - 2*j - i - 77. Is j a composite number?
False
Suppose -2*h +